er when 40135122 is divided by 8141?
8133
Calculate the remainder when 6229120 is divided by 441.
436
What is the remainder when 402562857 is divided by 84?
81
What is the remainder when 899592560 is divided by 3057?
3056
Calculate the remainder when 352823 is divided by 1417.
1407
Calculate the remainder when 145056702 is divided by 52.
50
Calculate the remainder when 2859193 is divided by 9164.
25
Calculate the remainder when 862432 is divided by 634.
192
What is the remainder when 558109 is divided by 83?
17
Calculate the remainder when 18830837 is divided by 4936.
4933
What is the remainder when 6540416 is divided by 46?
44
What is the remainder when 4467476 is divided by 1910?
1896
What is the remainder when 100011017 is divided by 73?
68
Calculate the remainder when 255870 is divided by 3198.
30
Calculate the remainder when 404455 is divided by 1038.
673
Calculate the remainder when 43104 is divided by 1874.
2
What is the remainder when 170392923 is divided by 31?
28
Calculate the remainder when 625393 is divided by 113.
51
What is the remainder when 18591 is divided by 12340?
6251
Calculate the remainder when 1471560 is divided by 163506.
6
What is the remainder when 1166453 is divided by 786?
29
What is the remainder when 6257662 is divided by 2977?
8
Calculate the remainder when 31877730 is divided by 111.
84
What is the remainder when 45766052 is divided by 28?
24
Calculate the remainder when 132705 is divided by 32174.
4009
Calculate the remainder when 5347614 is divided by 139.
6
Calculate the remainder when 3666724 is divided by 733344.
4
What is the remainder when 896683 is divided by 1721?
42
Calculate the remainder when 49005680 is divided by 16335226.
2
Calculate the remainder when 62656 is divided by 1081.
1039
Calculate the remainder when 80267 is divided by 193.
172
What is the remainder when 45237067 is divided by 975?
967
Calculate the remainder when 2622698 is divided by 8515.
78
Calculate the remainder when 5315972 is divided by 87147.
5
What is the remainder when 763851 is divided by 443?
119
Calculate the remainder when 10414946 is divided by 2235.
2081
Calculate the remainder when 4712 is divided by 2128.
456
Calculate the remainder when 63191730 is divided by 24820.
10
What is the remainder when 7771175 is divided by 219?
179
What is the remainder when 1101634 is divided by 1302?
142
What is the remainder when 1200093 is divided by 280?
13
Calculate the remainder when 1134684 is divided by 207.
117
Calculate the remainder when 2101450 is divided by 315.
85
What is the remainder when 4766020 is divided by 45?
25
What is the remainder when 6500999 is divided by 550?
549
What is the remainder when 80792977 is divided by 87?
79
Calculate the remainder when 442081 is divided by 6033.
1672
Calculate the remainder when 137460 is divided by 43818.
6006
What is the remainder when 4438041 is divided by 981?
978
Calculate the remainder when 42947570 is divided by 68.
62
Calculate the remainder when 156064053 is divided by 24.
21
Calculate the remainder when 30143572 is divided by 7535886.
28
Calculate the remainder when 84175 is divided by 618.
127
Calculate the remainder when 50529809 is divided by 191.
186
What is the remainder when 6554685 is divided by 42?
39
Calculate the remainder when 21303 is divided by 1399.
318
What is the remainder when 93934 is divided by 189?
1
Calculate the remainder when 15462 is divided by 697.
128
What is the remainder when 95950 is divided by 19169?
105
Calculate the remainder when 6022932 is divided by 2007644.
0
Calculate the remainder when 914077 is divided by 1136.
733
What is the remainder when 36941004 is divided by 12313619?
147
Calculate the remainder when 1911547 is divided by 1910164.
1383
What is the remainder when 3979626 is divided by 76?
38
Calculate the remainder when 76418909 is divided by 90.
89
What is the remainder when 13489 is divided by 2641?
284
Calculate the remainder when 41904773 is divided by 56248.
13
Calculate the remainder when 11698569 is divided by 563.
555
What is the remainder when 20290 is divided by 1052?
302
Calculate the remainder when 490391606 is divided by 8088.
8078
What is the remainder when 2539481 is divided by 173?
14
What is the remainder when 10310 is divided by 2344?
934
What is the remainder when 71605916 is divided by 655?
6
What is the remainder when 825469 is divided by 137552?
157
Calculate the remainder when 38889038 is divided by 271.
267
What is the remainder when 845950 is divided by 4126?
120
What is the remainder when 375716 is divided by 76?
48
What is the remainder when 164525058 is divided by 7037?
7035
Calculate the remainder when 2600499 is divided by 173365.
24
What is the remainder when 32490404 is divided by 601673?
62
What is the remainder when 87502 is divided by 1580?
602
What is the remainder when 26212 is divided by 4295?
442
Calculate the remainder when 27836352 is divided by 262607.
10
What is the remainder when 3336856 is divided by 175616?
152
What is the remainder when 6668227 is divided by 289921?
44
Calculate the remainder when 1052698 is divided by 3486.
3412
What is the remainder when 339148 is divided by 168346?
2456
Calculate the remainder when 13710007 is divided by 104.
103
What is the remainder when 3286754 is divided by 10741?
8
What is the remainder when 10124815 is divided by 430?
35
What is the remainder when 1424504 is divided by 1424482?
22
What is the remainder when 28071 is divided by 9354?
9
Calculate the remainder when 135351 is divided by 3206.
699
Calculate the remainder when 2133571 is divided by 4827.
37
Calculate the remainder when 7891 is divided by 6235.
1656
What is the remainder when 1790245 is divided by 895108?
29
What is the remainder when 13479388 is divided by 436?
12
What is the remainder when 3031790 is divided by 32954?
22
Calculate the remainder when 98717 is divided by 98586.
131
Calculate the remainder when 1310893 is divided by 18715.
843
What is the remainder when 4343721 is divided by 100?
21
Calculate the remainder when 15501816 is divided by 30.
6
Calculate the remainder when 5610265 is divided by 4930.
4855
What is the remainder when 18205 is divided by 2598?
19
Calculate the remainder when 16029141 is divided by 552729.
0
What is the remainder when 27712 is divided by 2985?
847
Calculate the remainder when 124121 is divided by 61429.
1263
Calculate the remainder when 81069 is divided by 246.
135
What is the remainder when 566453198 is divided by 518?
514
Calculate the remainder when 517997 is divided by 255.
92
Calculate the remainder when 2931105 is divided by 14365.
645
Calculate the remainder when 1384280 is divided by 3482.
1926
Calculate the remainder when 836612 is divided by 38027.
18
Calculate the remainder when 11809601 is divided by 18.
17
Calculate the remainder when 278439 is divided by 452.
7
What is the remainder when 249762175 is divided by 8?
7
What is the remainder when 63254 is divided by 63217?
37
Calculate the remainder when 9376813 is divided by 4712.
4645
Calculate the remainder when 20676837 is divided by 413.
405
Calculate the remainder when 7644835 is divided by 3731.
16
Calculate the remainder when 456841 is divided by 1029.
994
What is the remainder when 18684 is divided by 218?
154
What is the remainder when 122597 is divided by 1288?
237
Calculate the remainder when 6514124 is divided by 10.
4
What is the remainder when 33673540 is divided by 381?
379
Calculate the remainder when 603819 is divided by 41.
12
What is the remainder when 1977104844 is divided by 866?
864
Calculate the remainder when 24654262 is divided by 780.
22
Calculate the remainder when 44075 is divided by 5952.
2411
What is the remainder when 46049151 is divided by 5116570?
21
What is the remainder when 18366157 is divided by 115?
82
Calculate the remainder when 4146803 is divided by 296194.
87
What is the remainder when 225693 is divided by 112040?
1613
What is the remainder when 470881 is divided by 235382?
117
Calculate the remainder when 35901701 is divided by 153426.
17
What is the remainder when 1511023 is divided by 117?
85
What is the remainder when 5232903 is divided by 2616434?
35
What is the remainder when 29225 is divided by 1621?
47
Calculate the remainder